{"id":68,"date":"2024-12-09T15:29:35","date_gmt":"2024-12-09T15:29:35","guid":{"rendered":"http:\/\/webmirror.handinhand-ferien.de\/?page_id=68"},"modified":"2024-12-27T16:19:40","modified_gmt":"2024-12-27T16:19:40","slug":"an-und-abreise","status":"publish","type":"page","link":"https:\/\/handinhand-ferien.de\/?page_id=68","title":{"rendered":"An- und Abreise"},"content":{"rendered":"\n<p>Auf Grund der steigenden Belegungszahlen sind wir nicht mehr in der Lage, beliebige An- und Abreisezeitpunkte zu bew\u00e4ltigen. Da ein Gro\u00dfteil des Personals bei der Begleitung der Ausfl\u00fcge au\u00dfer Haus ist und die Zimmer f\u00fcr die neuen G\u00e4ste zu richten sind, m\u00fcssten wir bei beliebigen An- und Abreisezeiten neues Personal nur daf\u00fcr einstellen, was uns aber unn\u00f6tige Kosten verursacht, die wir dann weitergeben m\u00fcssten.<\/p>\n\n\n\n<p class=\"has-text-align-center\"><strong>An-&nbsp;und&nbsp;Abreise bis 9:00 Uhr<\/strong><br>oder<br><strong>An- und Abreise ab 16:00 Uhr<\/strong><\/p>\n\n\n\n<p>F\u00fcr Ihr Verst\u00e4ndnis bedanken wir uns.<\/p>\n\n\n\n<p class=\"has-text-align-center\">\u2014\u2014\u2014\u2014<\/p>\n\n\n\n<p><strong>Und noch ein wichtiger Punkt:&nbsp;<\/strong><\/p>\n\n\n\n<p><strong>Es kommt immer wieder vor, dass G\u00e4ste angemeldet werden und zum&nbsp;festgesetzten Termin nicht erscheinen.&nbsp;In den meisten F\u00e4llen&nbsp;haben wir in diesem Fall aber einem anderen&nbsp;Gast abgesagt.<\/strong> <strong>Dies ist sowohl f\u00fcr unsere G\u00e4ste als auch f\u00fcr unser Haus von gro\u00dfem Nachteil, da wir an der unteren Kostengrenze kalkulieren.<\/strong> <br><strong>Wenn Sie aus irgendeinem Grund absagen m\u00fcssen, tun&nbsp;Sie das bitte rechtzeitig, damit wir den freien Platz eventuell noch anderweitig vergeben k\u00f6nnen.&nbsp;<\/strong><\/p>\n\n\n\n<p class=\"has-text-align-center\">\u2014\u2014\u2014\u2014<\/p>\n\n\n\n<p>So erreichen Sie uns:<\/p>\n\n\n\n<p><strong>A 96 M\u00fcnchen \u2013 Lindau \u2013 Bregenz<\/strong><br>Ausfahrt&nbsp;<strong>Sigmarszel<\/strong>l, weiter auf B 308,&nbsp;nach&nbsp;<strong>Schlachters links<\/strong>&nbsp;abbiegen, in Schlachters nach B\u00f6senreutin links abbiegen (siehe Karte), in Zeisertsweiler am Ortseingang liegt an der Stra\u00dfe links&nbsp;das Ferienhaus<\/p>\n\n\n\n<p><strong>A81 Stuttgart&nbsp;\u2013&nbsp;Singen<\/strong><br><strong>A 98 Richtung Stockach,&nbsp;<\/strong>B 31 nach Friedrichshafen, weiter auf der B308, nach Schlachters links abbiegen, in Schlachters&nbsp;nach B\u00f6senreutin links abbiegen (siehe Karte); in Zeisertsweiler am Ortseingang liegt an der Stra\u00dfe links&nbsp;das Ferienhaus<\/p>\n\n\n\n<p>N\u00e4chster <strong>Bahnhof<\/strong> ist Lindau\/Bodensee\u2026<\/p>\n\n\n\n<p class=\"has-text-align-center\"><strong>\u2014\u2014\u2014\u2014<\/strong><\/p>\n\n\n\n<p>So erreichen Sie uns: <\/p>\n\n\n\n<figure class=\"wp-block-image aligncenter size-large\"><img decoding=\"async\" src=\"https:\/\/handinhand-ferien.de\/wp-content\/uploads\/2024\/12\/Anreise.webp\" alt=\"\"\/><\/figure>\n","protected":false},"excerpt":{"rendered":"<p>Auf Grund der steigenden Belegungszahlen sind wir nicht mehr in der Lage, beliebige An- und Abreisezeitpunkte zu bew\u00e4ltigen. Da ein [&hellip;]<\/p>\n","protected":false},"author":2,"featured_media":0,"parent":0,"menu_order":0,"comment_status":"closed","ping_status":"closed","template":"","meta":{"site-sidebar-layout":"default","site-content-layout":"","ast-site-content-layout":"","site-content-style":"default","site-sidebar-style":"default","ast-global-header-display":"","ast-banner-title-visibility":"","ast-main-header-display":"","ast-hfb-above-header-display":"","ast-hfb-below-header-display":"","ast-hfb-mobile-header-display":"","site-post-title":"","ast-breadcrumbs-content":"","ast-featured-img":"","footer-sml-layout":"","theme-transparent-header-meta":"","adv-header-id-meta":"","stick-header-meta":"","header-above-stick-meta":"","header-main-stick-meta":"","header-below-stick-meta":"","astra-migrate-meta-layouts":"default","ast-page-background-enabled":"default","ast-page-background-meta":{"desktop":{"background-color":"var(--ast-global-color-4)","background-image":"","background-repeat":"repeat","background-position":"center center","background-size":"auto","background-attachment":"scroll","background-type":"","background-media":"","overlay-type":"","overlay-color":"","overlay-opacity":"","overlay-gradient":""},"tablet":{"background-color":"","background-image":"","background-repeat":"repeat","background-position":"center center","background-size":"auto","background-attachment":"scroll","background-type":"","background-media":"","overlay-type":"","overlay-color":"","overlay-opacity":"","overlay-gradient":""},"mobile":{"background-color":"","background-image":"","background-repeat":"repeat","background-position":"center center","background-size":"auto","background-attachment":"scroll","background-type":"","background-media":"","overlay-type":"","overlay-color":"","overlay-opacity":"","overlay-gradient":""}},"ast-content-background-meta":{"desktop":{"background-color":"var(--ast-global-color-5)","background-image":"","background-repeat":"repeat","background-position":"center center","background-size":"auto","background-attachment":"scroll","background-type":"","background-media":"","overlay-type":"","overlay-color":"","overlay-opacity":"","overlay-gradient":""},"tablet":{"background-color":"var(--ast-global-color-5)","background-image":"","background-repeat":"repeat","background-position":"center center","background-size":"auto","background-attachment":"scroll","background-type":"","background-media":"","overlay-type":"","overlay-color":"","overlay-opacity":"","overlay-gradient":""},"mobile":{"background-color":"var(--ast-global-color-5)","background-image":"","background-repeat":"repeat","background-position":"center center","background-size":"auto","background-attachment":"scroll","background-type":"","background-media":"","overlay-type":"","overlay-color":"","overlay-opacity":"","overlay-gradient":""}},"footnotes":""},"class_list":["post-68","page","type-page","status-publish","hentry"],"_links":{"self":[{"href":"https:\/\/handinhand-ferien.de\/index.php?rest_route=\/wp\/v2\/pages\/68","targetHints":{"allow":["GET"]}}],"collection":[{"href":"https:\/\/handinhand-ferien.de\/index.php?rest_route=\/wp\/v2\/pages"}],"about":[{"href":"https:\/\/handinhand-ferien.de\/index.php?rest_route=\/wp\/v2\/types\/page"}],"author":[{"embeddable":true,"href":"https:\/\/handinhand-ferien.de\/index.php?rest_route=\/wp\/v2\/users\/2"}],"replies":[{"embeddable":true,"href":"https:\/\/handinhand-ferien.de\/index.php?rest_route=%2Fwp%2Fv2%2Fcomments&post=68"}],"version-history":[{"count":3,"href":"https:\/\/handinhand-ferien.de\/index.php?rest_route=\/wp\/v2\/pages\/68\/revisions"}],"predecessor-version":[{"id":337,"href":"https:\/\/handinhand-ferien.de\/index.php?rest_route=\/wp\/v2\/pages\/68\/revisions\/337"}],"wp:attachment":[{"href":"https:\/\/handinhand-ferien.de\/index.php?rest_route=%2Fwp%2Fv2%2Fmedia&parent=68"}],"curies":[{"name":"wp","href":"https:\/\/api.w.org\/{rel}","templated":true}]}}